08
Calculate the highest common divisor of 183 and 15040404.
183
What is the highest common divisor of 366471 and 1252881?
1323
What is the highest common divisor of 580 and 52280620?
580
Calculate the greatest common divisor of 11487 and 62454272.
547
What is the highest common divisor of 8634647 and 155?
31
Calculate the greatest common divisor of 6309018 and 8954.
74
What is the highest common divisor of 602 and 80903081?
301
Calculate the greatest common divisor of 15 and 4973835.
15
What is the highest common factor of 3988736 and 96?
32
What is the highest common divisor of 11953202 and 402?
134
Calculate the highest common factor of 53558732 and 4.
4
Calculate the greatest common divisor of 1435656 and 283046.
2918
Calculate the greatest common factor of 1032910 and 80.
10
What is the highest common divisor of 2158429 and 2431?
13
Calculate the greatest common divisor of 4459039 and 169.
13
What is the highest common divisor of 63 and 144821610?
9
Calculate the greatest common factor of 14559061 and 44.
11
What is the highest common factor of 6093184 and 20480?
128
What is the greatest common divisor of 16 and 139376?
16
What is the greatest common factor of 15526 and 2188?
2
Calculate the highest common divisor of 1780863 and 122752.
959
What is the greatest common divisor of 5913 and 11195280?
1971
What is the highest common divisor of 737695 and 307122?
3011
Calculate the greatest common divisor of 97297817 and 3077.
3077
What is the highest common factor of 997 and 12809?
1
What is the highest common divisor of 170744 and 784?
56
Calculate the greatest common factor of 88 and 261478256.
8
What is the greatest common factor of 1320633246 and 2472?
618
Calculate the highest common factor of 67522 and 903266.
1274
Calculate the greatest common divisor of 10119296 and 473.
11
Calculate the highest common factor of 3933100 and 1006400.
3700
What is the highest common factor of 1216 and 51281?
19
Calculate the highest common factor of 28 and 223536866.
14
Calculate the greatest common divisor of 1551 and 7953792.
33
What is the greatest common divisor of 266 and 107682918?
266
What is the highest common factor of 7436 and 9555?
13
Calculate the greatest common factor of 496 and 16024520.
248
Calculate the greatest common factor of 199597932 and 2781.
2781
What is the greatest common divisor of 368693612 and 4564?
4564
What is the greatest common factor of 105827 and 2560577?
1091
What is the greatest common divisor of 2882528 and 684?
76
What is the greatest common factor of 6378300 and 72960?
1140
Calculate the greatest common factor of 18417762 and 242.
22
What is the highest common factor of 12315909 and 20793?
717
Calculate the greatest common factor of 4365 and 2452645.
485
Calculate the highest common factor of 229913 and 2781033.
223
What is the highest common divisor of 168 and 696928?
8
Calculate the greatest common factor of 661020374 and 30856.
7714
Calculate the greatest common factor of 8428 and 63506156.
196
Calculate the highest common divisor of 75 and 22886385.
15
Calculate the highest common factor of 26826653 and 203.
203
Calculate the highest common divisor of 236 and 12049157.
59
Calculate the highest common factor of 1188 and 937662.
66
What is the highest common factor of 18956 and 10164?
28
Calculate the highest common divisor of 44200056 and 15052.
284
Calculate the greatest common divisor of 166 and 27300194.
166
Calculate the highest common divisor of 92928 and 46024.
88
Calculate the highest common factor of 728796 and 996.
12
Calculate the greatest common factor of 10505 and 18885889.
2101
Calculate the highest common divisor of 22838819 and 257.
257
Calculate the greatest common factor of 77022365 and 3430.
1715
What is the greatest common factor of 173633608 and 4280?
856
What is the greatest common divisor of 2747437 and 202213?
341
What is the greatest common factor of 8208637 and 51?
17
Calculate the greatest common factor of 14734850 and 10400.
650
Calculate the greatest common divisor of 312 and 26052312.
312
Calculate the greatest common factor of 4313 and 3643123.
227
What is the greatest common divisor of 1002 and 179940496?
334
What is the highest common divisor of 3849 and 919?
1
Calculate the highest common divisor of 747660 and 4845.
255
Calculate the highest common divisor of 8623 and 4533024870.
8623
Calculate the greatest common factor of 228377468 and 34188.
1628
What is the highest common divisor of 3990 and 481650?
570
What is the greatest common factor of 12 and 1227480?
12
Calculate the highest common divisor of 1529 and 3110162.
11
What is the highest common factor of 66943707 and 228?
57
What is the highest common factor of 8860 and 9641452?
1772
Calculate the highest common divisor of 4437516 and 108.
12
What is the highest common factor of 162540 and 37190700?
7740
Calculate the highest common divisor of 165811707 and 10398.
5199
Calculate the greatest common divisor of 1981368 and 648.
216
What is the highest common divisor of 20007 and 12074985?
117
Calculate the greatest common divisor of 249 and 28406667.
249
What is the highest common factor of 2801560 and 9040?
40
What is the greatest common factor of 190 and 51920?
10
Calculate the highest common divisor of 32822954 and 391.
17
What is the highest common divisor of 5955 and 22273685?
1985
Calculate the highest common factor of 1008 and 8350020.
252
Calculate the greatest common factor of 3776 and 185070728.
472
Calculate the highest common factor of 94366 and 4814.
58
What is the highest common divisor of 77 and 108759?
7
What is the greatest common divisor of 12 and 10592140?
4
What is the greatest common factor of 2690548 and 985950?
4382
Calculate the highest common factor of 35448 and 20937.
21
Calculate the highest common factor of 16279 and 36573.
73
Calculate the highest common factor of 205797 and 60816.
543
What is the greatest common divisor of 37492 and 125880832?
2884
Calculate the highest common factor of 73600 and 38410575.
575
Calculate the highest common factor of 5930047 and 214.
107
Calculate the greatest common factor of 441840077 and 4269.
1423
Calculate the highest common factor of 123974 and 279.
1
What is the highest common divisor of 19253 and 11772469?
1481
Calculate the highest common divisor of 1759561757 and 2473.
2473
What is the greatest common factor of 5070384 and 115624?
776
What is the highest common factor of 49679648 and 8?
8
Calculate the greatest common divisor of 227634 and 781.
11
What is the highest common divisor of 94106730 and 170?
170
Calculate the greatest common factor of 15523261 and 221.
221
Calculate the highest common factor of 25326303 and 14313.
1101
Calculate the greatest common factor of 79906523 and 1342.
61
What is the highest common factor of 11402256 and 11568?
48
What is the greatest common divisor of 713278 and 152442?
1882
Calculate the greatest common divisor of 3951011 and 10514.
751
What is the highest common factor of 7176 and 18979623?
897
Calculate the highest common divisor of 197031598 and 262.
262
What is the greatest common divisor of 39208 and 19011472?
232
What is the highest common factor of 32320 and 232820352?
6464
What is the highest common divisor of 5206848 and 4606?
94
What is the highest common factor of 280 and 25466872?
8
What is the greatest common divisor of 185 and 27964045?
185
Calculate the greatest common divisor of 152647 and 45947.
11
Calculate the greatest common factor of 1842 and 10126702.
614
Calculate the highest common factor of 5265 and 163137.
39
What is the highest common factor of 16 and 32673016?
8
What is the greatest common factor of 8900505 and 12699?
747
Calculate the greatest common divisor of 11594305 and 1075.
215
What is the greatest common factor of 4433 and 604097?
403
Calculate the greatest common divisor of 49671864 and 3663.
99
Calculate the highest common divisor of 21750875 and 125.
125
What is the greatest common factor of 2920 and 35528735?
365
What is the greatest common factor of 27181 and 26318621?
2471
What is the greatest common divisor of 8876280 and 336?
168
What is the greatest common divisor of 182798 and 6182?
22
What is the greatest common factor of 23736 and 29259?
3
What is the greatest commo